st common divisor of 35 and 17481674.
7
Calculate the greatest common divisor of 432 and 1404256.
16
What is the highest common divisor of 250 and 66050425?
25
Calculate the greatest common factor of 148102185 and 45.
15
What is the greatest common factor of 30396 and 2424?
12
What is the greatest common divisor of 77 and 8440982?
11
What is the highest common factor of 33888 and 220625?
353
What is the highest common divisor of 1504224 and 3357?
9
What is the greatest common factor of 2084224 and 22976?
64
Calculate the highest common divisor of 5014120 and 14440.
40
What is the greatest common divisor of 125712 and 1151778?
582
Calculate the highest common divisor of 8691637 and 18015.
1201
What is the greatest common factor of 121604235 and 59865?
4605
Calculate the highest common divisor of 40432 and 3971.
361
What is the greatest common factor of 955171 and 6020?
7
Calculate the greatest common factor of 275605 and 215765.
55
What is the greatest common factor of 8928006 and 30?
6
Calculate the greatest common factor of 4561335 and 5715.
45
Calculate the greatest common factor of 90470280 and 3225.
645
Calculate the greatest common divisor of 376 and 26962464.
8
Calculate the highest common divisor of 709905 and 19110.
105
Calculate the highest common divisor of 9793688 and 2270.
454
What is the highest common factor of 482236 and 333932?
124
What is the greatest common factor of 2149871 and 884?
17
What is the highest common divisor of 3318156 and 828?
36
What is the greatest common factor of 336 and 130172?
28
Calculate the highest common divisor of 540 and 172020780.
540
What is the greatest common divisor of 9626206 and 2?
2
Calculate the greatest common divisor of 428 and 35830448.
428
What is the highest common divisor of 7453 and 700988?
29
Calculate the greatest common divisor of 6379 and 228221483.
6379
Calculate the highest common divisor of 28851 and 14514.
177
Calculate the highest common factor of 1728 and 798390.
54
What is the greatest common factor of 65934 and 436896?
666
What is the highest common divisor of 528145 and 145489?
1993
Calculate the greatest common divisor of 14190 and 1118645.
2365
What is the greatest common divisor of 10077 and 342157817?
3359
What is the greatest common divisor of 940224 and 7296?
192
What is the greatest common divisor of 18870005 and 4262?
2131
What is the highest common divisor of 145412634 and 83454?
11922
Calculate the highest common divisor of 3322770 and 88.
22
Calculate the highest common factor of 257261697 and 14.
7
What is the greatest common divisor of 134624 and 41280?
32
Calculate the greatest common divisor of 23488 and 5568858.
734
What is the greatest common divisor of 8631777 and 19908?
1659
Calculate the greatest common divisor of 3123657 and 2052.
513
Calculate the highest common divisor of 1763574 and 107.
107
Calculate the greatest common divisor of 17865 and 10419265.
1985
Calculate the greatest common divisor of 13 and 354325.
1
What is the highest common factor of 729 and 37784961?
81
Calculate the greatest common factor of 3095 and 296312205.
3095
What is the highest common divisor of 6194604 and 1378?
26
What is the greatest common divisor of 58953782 and 622?
622
Calculate the greatest common divisor of 75 and 473395425.
75
What is the highest common factor of 424391 and 217833?
451
Calculate the highest common divisor of 5160611 and 121201.
6379
What is the highest common divisor of 40390260 and 4236?
4236
Calculate the greatest common divisor of 100719 and 45755667.
3249
Calculate the greatest common factor of 232592319 and 36.
9
Calculate the greatest common factor of 306115446 and 98.
98
What is the highest common factor of 34442 and 3146378?
2026
Calculate the highest common divisor of 186 and 152794350.
186
Calculate the greatest common factor of 40 and 12512900.
20
What is the greatest common divisor of 11932 and 573672662?
5966
Calculate the greatest common divisor of 881552 and 13272.
56
What is the greatest common divisor of 110925 and 3598175?
725
What is the highest common factor of 38368 and 1969?
11
Calculate the highest common factor of 162 and 179721396.
54
What is the highest common factor of 1913130190 and 61?
61
What is the highest common factor of 800 and 2551175?
25
Calculate the highest common divisor of 110931300 and 45668.
932
What is the greatest common divisor of 300 and 634834950?
150
What is the highest common factor of 2332 and 14291332?
44
What is the greatest common divisor of 19042450 and 35?
35
Calculate the highest common factor of 483406690 and 130.
130
Calculate the highest common divisor of 7480731 and 102.
51
What is the highest common factor of 11 and 78807652?
11
What is the highest common factor of 35174920 and 3880?
40
Calculate the greatest common divisor of 816116 and 1484.
28
Calculate the highest common divisor of 1108 and 54338813.
277
Calculate the greatest common factor of 334392630 and 78.
78
Calculate the highest common divisor of 19505684 and 1554740.
8404
Calculate the greatest common factor of 462528 and 514723.
803
Calculate the greatest common factor of 27162600 and 60.
60
What is the highest common divisor of 2069973 and 45?
9
What is the highest common divisor of 1541237 and 340?
17
Calculate the greatest common divisor of 13807683 and 16617.
87
What is the greatest common factor of 1339262 and 52576?
62
Calculate the highest common divisor of 363094 and 216124.
142
Calculate the highest common factor of 3654346 and 703.
19
Calculate the highest common divisor of 2731190 and 5005.
385
What is the highest common divisor of 96 and 14528544?
96
Calculate the highest common factor of 26744 and 34783915.
3343
What is the greatest common divisor of 745 and 41964509?
149
Calculate the greatest common factor of 506 and 6721594.
22
What is the greatest common factor of 476 and 7591486?
238
What is the highest common factor of 73728 and 4855104?
576
Calculate the greatest common divisor of 13143 and 17901.
39
What is the greatest common factor of 170816898 and 2408?
602
What is the greatest common divisor of 4956 and 200956?
28
Calculate the highest common factor of 5568 and 3697384.
232
Calculate the greatest common divisor of 8631 and 6981246.
1233
What is the greatest common factor of 65480904 and 144?
72
Calculate the greatest common divisor of 5775 and 17330250.
525
What is the greatest common factor of 20 and 8201570?
10
Calculate the highest common factor of 524050 and 12943800.
2350
Calculate the greatest common factor of 49445 and 1743335.
1595
What is the highest common divisor of 22091432 and 176?
88
What is the greatest common divisor of 22765614 and 24?
6
What is the greatest common factor of 74 and 1479799053?
37
What is the greatest common factor of 64484 and 1431573?
47
Calculate the greatest common factor of 1277495 and 15.
5
What is the highest common divisor of 436 and 19759?
1
Calculate the highest common divisor of 333171320 and 7580.
7580
What is the highest common factor of 25383 and 10056?
3
Calculate the highest common divisor of 25635 and 412988395.
8545
What is the greatest common factor of 16248 and 121944?
24
What is the highest common factor of 39288148 and 4880?
244
Calculate the greatest common divisor of 502 and 3992.
2
What is the highest common factor of 544570 and 31240?
710
Calculate the highest common divisor of 1465422 and 66102.
138
Calculate the greatest common factor of 375 and 43491000.
375
What is the highest common factor of 11685 and 294454210?
3895
What is the highest common factor of 178 and 27887260?
178
What is the greatest common divisor of 2940 and 15249948?
84
Calculate the highest common divisor of 417 and 911052.
3
What is the highest common factor of 276 and 1235616?
12
What is the greatest common divisor of 729952 and 1456?
16
Calculate the greatest common factor of 3416 and 45906.
14
Calculate the greatest common factor of 31682 and 1557528.
1022
What is the greatest common factor of 3796762 and 14?
2
What is the highest common factor of 2156 and 7928844?
308
Calculate the highest common divisor of 654401 and 88.
11
What is the greatest common factor of 28795126 and 3082?
3082
What is the greatest common factor of 450904 and 1632800?
1256
What is the 